re the prime factors of f?
2, 5
Let f be 0 + (2 - (3 - 0)). Let b(m) = 24*m**2 - 5*m - 2. Let d(q) = q. Let i(n) = b(n) + 4*d(n). What are the prime factors of i(f)?
23
Let s = -12 - -74. Suppose 0 = u - 3. Suppose -u*l + s = -22. What are the prime factors of l?
2, 7
Let r = 1378 - -475. What are the prime factors of r?
17, 109
Let b be (-2 - -4)*2 + (-1502)/(-2). Let i = b - 511. What are the prime factors of i?
2, 61
Suppose 0 = -4*q + 4*i + 2836, 2*i - 292 = -2*q + 1130. List the prime factors of q.
2, 5, 71
Let q(w) = -3*w + 3. Let z be q(-1). Suppose -274 = -z*c + 104. What are the prime factors of c?
3, 7
Let a = 32 - 6. Suppose -3*h + 1 = -4*l + 18, a = h + 5*l. What are the prime factors of (h + 10 + -1)*1?
2, 5
Suppose 0 = -4*j - 382 + 130. List the prime factors of 1930/18 - (28/j)/(-2).
107
Suppose 62*b - 95877 = 10515. What are the prime factors of b?
2, 3, 11, 13
Suppose -2*d + 2 = -d. Suppose 3*p + d*h - 39 - 84 = 0, -p - 5*h + 41 = 0. What are the prime factors of p?
41
Suppose 4*m = 4*k - 52, -9 = -3*k - 2*m + 15. Suppose 11*o = k*o. Suppose x = -o*x - 3*r + 14, 2*r + 42 = 4*x. What are the prime factors of x?
11
Let d(x) = -20*x - 36. Suppose 0 = -31*r + 25*r - 42. What are the prime factors of d(r)?
2, 13
Suppose 5*k - 4*i = 4692, 5*k = 9*k + i - 3762. What are the prime factors of k?
2, 5, 47
Let r(o) = -o + 11. Let i be r(7). Let h(j) = 4*j**2 + 3 - i + 3*j**3 - 3*j**2 - 2*j**2. List the prime factors of h(2).
19
Let t(x) = x**3 - 4*x**2 + 7*x + 1. Let r = -30 + 27. Let s be (-6 + (1 - r))*-2. List the prime factors of t(s).
29
Let u(d) = 363*d - 183. List the prime factors of u(4).
3, 47
Suppose -3*l = 2*l. Suppose l = -12*k + 5*k + 245. List the prime factors of k.
5, 7
Let z(w) = -5*w**3 - 11*w**2 + 11*w + 7. List the prime factors of z(-7).
2, 7, 79
Let g(m) = m + 243. List the prime factors of g(0).
3
Suppose -3*i + h = -31, -3*i = h + 4*h - 25. Let o(f) = 3*f**2 + 2*f + 34. What are the prime factors of o(i)?
2, 3, 59
Let i(d) be the first derivative of d**4/4 + d**3/3 - 170*d + 5. Let r be i(0). List the prime factors of r/(-80) - 2/16.
2
Let o be 357/27 - 2/9. Let j = -10 - o. Let w = 54 + j. What are the prime factors of w?
31
Suppose 3*x - 8 = -r, 0 = -3*x + 3*r + 2 + 10. Suppose 3*v - 2*s - 95 = -x*s, 3*s + 177 = 5*v. List the prime factors of v.
3, 11
Suppose w - 3*x = -3*w - 4, 4*w - 4*x + 4 = 0. Let d(z) = -z**3 - 15*z**2 - 43*z + 12. Let y be d(-11). What are the prime factors of (y - w)/((-8)/(-244))?
61
Let l be -10 + 14 + (-9 - -2 - -2). Suppose -2*y + 5*d + 20 = 0, 5*d - 10 = -5*y - 30. List the prime factors of 20/(l + y - -3).
2, 5
List the prime factors of 925 + -47 + (3 - 8)*-1.
883
List the prime factors of -25*((-63)/18)/(2/4).
5, 7
Suppose 388127 = 95*h - 3368. What are the prime factors of h?
13, 317
Let q(r) = -r**3 + 15*r**2 - 14*r - 3. Let c be q(14). Let w(o) = -63*o + 7. What are the prime factors of w(c)?
2, 7
Suppose -9*p = 5*b - 12*p - 2105, 2*b - 856 = 4*p. What are the prime factors of b?
2, 11, 19
Suppose -4*b + 485 + 135 = 0. What are the prime factors of b?
5, 31
Let z(s) = s**3 + 6*s**2 - s + 7. Let g(r) = -5*r**3 - 31*r**2 + 5*r - 36. Let f(v) = -2*g(v) - 11*z(v). What are the prime factors of f(-6)?
61
Let p be 33*(-2)/(-6) + 1. Suppose 5*r + z - p = 20, 4*r - 22 = z. What are the prime factors of (-234)/(-14) + r/21?
17
Let w = 76 + -217. Let i = -41 - w. What are the prime factors of i?
2, 5
Let r(k) = -79*k + 177. What are the prime factors of r(-4)?
17, 29
What are the prime factors of 2/10 + (-171423)/(-35)?
2, 31, 79
Suppose -108 + 390 = 3*k. Suppose a - 2*a + k = -q, 74 = a + 4*q. List the prime factors of a.
2, 3, 5
Let c = -839 - -1648. What are the prime factors of c?
809
Let v = 522 + -115. What are the prime factors of v?
11, 37
Suppose -2*g + 5302 - 22131 = -5*i, 4*i - 13462 = 2*g. List the prime factors of i.
7, 13, 37
Let s(q) = -q**3 - 15*q**2 + 14*q + 12. Let p be s(-16). Suppose f = 2 + p. What are the prime factors of f?
2, 23
List the prime factors of (3/(-6))/(13/(-4992)).
2, 3
Let v be 3/(-15) - (-42)/10. Let z = v + 1. List the prime factors of z.
5
Suppose -5*w = 5*b - 12190, -3*b - 16*w + 7316 = -15*w. List the prime factors of b.
3, 271
Suppose -9*z = -1379 + 443. List the prime factors of z.
2, 13
Let o = 1007 - 915. Let u = 5 + -3. Suppose 0 = u*s - 6*s + o. What are the prime factors of s?
23
Suppose -2*w = 6, 5*k - 3*w - 2177 = w. List the prime factors of k.
433
Suppose 0 = 2*z - 5*z + 306. Suppose -3*p + 4*t + t + 508 = 0, t = -p + 156. Let y = p - z. List the prime factors of y.
59
Let i be 13 - 15 - -5*1. Suppose 5*z = -3*b + 343, 4*b - i*b = -5*z + 121. What are the prime factors of b?
3, 37
Let r = 40 + 3. Suppose -1 = -2*t + f - 38, -4*t - 104 = 4*f. Let a = t + r. What are the prime factors of a?
2, 11
Let w = -103 - -99. What are the prime factors of 5*w/(-70) + 2850/21?
2, 17
Suppose 0*b - 16 = 2*b. Let g = b + 26. What are the prime factors of (-4)/18 + 670/g?
37
Let x(h) = 12*h**2 - 19*h - 101. List the prime factors of x(-4).
167
Let s(w) = -4*w**2 + 6*w - 4. Let h be s(2). Let j(l) = -21*l - 79. List the prime factors of j(h).
89
List the prime factors of -6*1/(-6) - -35.
2, 3
Suppose 0 = h - 5*h - 28. Let n(o) = o**3 + 2*o**2 + 5*o - 3. Let d(m) = m**3 + m**2 + 5*m - 2. Let x(i) = -6*d(i) + 7*n(i). List the prime factors of x(h).
5
Let t be 216/28 + (-2)/(-7). Suppose 3*m - 1153 = -4*s, 11*s - 873 = t*s - 5*m. List the prime factors of s.
2, 11, 13
Suppose 4188 = -35*v + 41*v. What are the prime factors of v?
2, 349
Suppose 7*v - 3*v + 3*b = 3, 0 = 5*v + 2*b - 9. Suppose 0 = -5*z - v + 33. What are the prime factors of -1 - (-4 - -7 - z)?
2
Let a(b) = 47*b + 1. Let z be a(2). Let m = z + -76. List the prime factors of m.
19
Let z be (1/(-2))/(4/(-48)). List the prime factors of 81/z - (-2)/(-4).
13
Let z(n) = n**3 + 23*n**2 - 38*n - 85. List the prime factors of z(-23).
3, 263
Suppose -5*v + 3*m = -22, 2*m - 5*m = 4*v - 23. Suppose -2*i + 15 = v. Let b = i - 2. List the prime factors of b.
3
Let t(f) = -f**3 - 7*f**2 - 2*f - 9. Let d be t(-7). Suppose -64 = d*p + 206. Let m = -15 - p. List the prime factors of m.
3, 13
Let i be 0/(-5 + (-12)/(-4)). Suppose i = -9*d + 2*d + 1029. What are the prime factors of d?
3, 7
Let i(n) = -n**3 + 5*n**2 - 10*n + 33. Let t be i(4). Let o be (5/3)/(2/108). Suppose t*r - 4*r = o. What are the prime factors of r?
2, 3
List the prime factors of ((-808)/(-12))/(19/399).
2, 7, 101
Suppose 0*o = -5*f + 2*o + 174, 2*o - 98 = -3*f. Suppose -f = 5*m - 259. List the prime factors of m.
3, 5
Suppose -213 = -6*q + q + 2*i, 0 = -3*q - 3*i + 132. Let o = q + -29. What are the prime factors of o?
2, 7
Let m = 14 - 11. Suppose -c + m*g + 17 = -0*c, -5*c + 25 = -3*g. Suppose 3*z = 3*u - 117, -4*u - 7*z + c*z + 111 = 0. List the prime factors of u.
2, 17
Let r(l) = 2*l**2 - 12*l - 2. Let y be r(8). Suppose d - 191 + y = 0. What are the prime factors of d?
7, 23
Let l be (-2)/(-3) + (-50)/30. Let d be -4 - (3 - 36/l). Let s = -19 - d. What are the prime factors of s?
2, 3
Let y(x) = 13*x + 170. What are the prime factors of y(18)?
2, 101
Let b = -34 + -50. List the prime factors of ((-6)/(-8))/1 + (-15309)/b.
3, 61
Let b(t) = -59*t - 52. List the prime factors of b(-17).
3, 317
Let d(n) be the first derivative of n**2/2 + 15*n + 5. Let l be d(-11). Suppose 4*r + 66 = 2*f, l*r - 15 = -f - 0*f. What are the prime factors of f?
3
List the prime factors of (-1)/16 - 511665/(-528).
3, 17, 19
Let s = 21 + -25. Let d be 20 + 3*(5 + s). Suppose -10 = -z + d. List the prime factors of z.
3, 11
Let k(i) = 2*i**2 + 10*i. What are the prime factors of k(13)?
2, 3, 13
Suppose r = -r + 2. Let g be ((-16)/24)/(r/(-12)). Let o(c) = c + 11. List the prime factors of o(g).
19
Let r(c) = -6*c**3 + 2*c**2 + 5*c + 10. Let m be r(-4). List the prime factors of m/10 + (-30)/50.
2, 5
Let s(v) be the first derivative of -15*v**2/2 - 10*v + 2. Suppose -36 = 16*g - 7*g. List the prime factors of s(g).
2, 5
Suppose 2*i = 8 - 4. Suppose i*s = 5*s - 117. List the prime factors of (-1)/(-3) - (-1781)/s.
2, 23
Suppose -4*r - 3*o + 15 = 0, -3*o + 11 = r - 4. Suppose r*m + 2*m - 2 = 0, -a + 5*m = -56. List the prime factors of a.
61
Let p be 18/2*